42 + r. What is the greatest common divisor of p and i?
3
Let q(k) = 7*k + 32. Let b(a) = 8*a + 33. Let l(f) = -6*b(f) + 7*q(f). Let m = -281 + 269. Let h be l(m). Calculate the highest common divisor of 70 and h.
14
Suppose -5*l + 215 = -2*i, 5*l + 13*i - 220 = 14*i. Calculate the highest common factor of l and 50.
5
Suppose -l = -3*l + 8. Suppose -k - k - 112 = -l*s, 2*s + 5*k = 44. Calculate the highest common factor of 3 and s.
3
Suppose -5 + 9 = g. Suppose 0 = -0*v - g*v + 320. Suppose 5*y - 420 = v. What is the greatest common factor of y and 40?
20
Let t be 13 + (1 - (3 - -1)). Let v be (5/t)/((-3)/30). Let c = v + 13. Calculate the highest common factor of c and 24.
8
Suppose 4*z - 5*k - 1055 - 3413 = 0, -2*z - k = -2248. What is the highest common factor of z and 66?
66
Suppose -34 = -2*h - 3*d + 572, 0 = 4*d - 16. What is the greatest common divisor of h and 11?
11
Let v be 4/(-5 - (-147)/27). Calculate the highest common divisor of v and 261.
9
Let w(f) = f**3 - 2*f**2 - 3*f + 1. Let d be w(3). Let o(v) = 6*v**2 + 2*v - 2. Let p be o(d). Calculate the highest common factor of p and 4.
2
Let v be (-13)/(130/(-165))*10. What is the highest common factor of 375 and v?
15
Let k = 54 - 36. Let b = k + 6. What is the highest common divisor of b and 120?
24
Let o(j) = j**3 + 9*j**2 - 18*j - 8. Let k be o(-10). Suppose -4*m = y + m - 18, y + 3*m = 14. What is the greatest common factor of y and k?
8
Suppose -48*r + 30*r = -1008. What is the greatest common divisor of r and 88?
8
Let f(y) = y**3 + 9*y**2 + 9*y + 12. Let d be f(-8). What is the highest common factor of d and 172?
4
Suppose 0 = b - 224 + 8. Let a be 5/(-3)*b/(-6). What is the highest common divisor of a and 24?
12
Let u be -3 + 4/(-1 - -2). Let v be (-1 - (-5 - u)) + -2. Suppose v*m - 3 - 3 = 0. What is the greatest common factor of m and 8?
2
Let y = -484 + 519. Suppose 0 = -a - 4*w + 116 + 43, 4*a = w + 704. What is the highest common factor of y and a?
35
Suppose 2*x + 1 - 3 = -2*d, -5*d = x - 9. Suppose -6 = -3*c + 18. Calculate the greatest common factor of d and c.
2
Let w(a) = 64*a**2. Let i be w(1). Suppose -r - 92 = -4*z - 25, 25 = z - 3*r. Calculate the highest common divisor of z and i.
16
Suppose 2*v - 64 = -2*v. Let p = 109 - 89. Suppose -24*c = -p*c - 320. What is the greatest common divisor of c and v?
16
Suppose -l = -47 - 47. Suppose -q - q - l = 0. Let j = -19 - q. What is the greatest common factor of j and 4?
4
Let u(y) = -29*y + 392. Let t be u(12). Calculate the greatest common factor of t and 99.
11
Suppose 94*t - 102*t + 4048 = 0. What is the highest common divisor of t and 22?
22
Suppose 7*w + 120 = 8*w + 4*j, 4*w = j + 412. Calculate the greatest common factor of 8 and w.
8
Suppose -87 - 93 = -5*i. Let r be (-175)/30 + 6 - (-23)/6. Calculate the highest common divisor of r and i.
4
Suppose -11*a - 813 = -4949. Calculate the greatest common divisor of 8 and a.
8
Let l(z) = -4*z - 11. Let a(f) = -3*f - 7. Let i(q) = -7*a(q) + 5*l(q). Let h be i(14). What is the highest common divisor of h and 20?
4
Suppose -9 = -8*n + 695. Let g = n + -80. Suppose 288 = -3*t + 7*t. Calculate the greatest common factor of g and t.
8
Let v = 469 - 159. What is the greatest common factor of 10 and v?
10
Let c be (-1)/(-2)*(-1 - -7). Let f(a) = 2*a**3 - 3*a**2 - 2*a - 3. Let m be f(c). Let y be m/3 + -3 + 6. What is the greatest common divisor of 27 and y?
9
Suppose -3*g = -2*n - 3 + 14, 2 = 5*n + g. Let p(t) = 98*t + 1. Let q be p(n). What is the greatest common divisor of q and 66?
33
Let c = 6 + -5. Let i(p) = c + 0*p + 2*p - 3*p + 0*p. Let f be i(-5). What is the highest common divisor of f and 6?
6
Suppose 57 = -n + 4*n + 3*r, -2*n + 2*r + 30 = 0. Suppose -a + c + n = -0*a, -c = -4*a + 77. What is the highest common factor of a and 8?
4
Suppose -23 = -5*k - w + 2*w, 0 = 2*k - 4*w - 20. Let v = -10 + 30. Suppose -i + v = -5*s - 2, 4*i = 4*s + 120. Calculate the greatest common factor of i and k.
4
Suppose 4*q - 4*i = 406 + 514, 0 = -q + 5*i + 230. What is the greatest common divisor of q and 138?
46
Let q = 11 + -5. Let l(d) = -2*d - 14. Let k be l(-12). Suppose -k*n + n + 378 = 0. Calculate the greatest common factor of n and q.
6
Let b = 33 + -31. Let z be (-1 + (-12 - b))*18/(-10). What is the highest common factor of z and 18?
9
Suppose -3*t - 30 = -4*c - 4, -5*t = 10. Suppose 2*s - 44 = c*l, -2*l = 3*s - 5*s + 44. Calculate the greatest common factor of s and 55.
11
Let p be 231/1 - -1 - 0/(-25). Calculate the highest common divisor of 29 and p.
29
Let a(k) = -k**2 + k + 22. Let f be a(6). Let g(c) = c**3 + 8*c**2 - 3*c - 3. Let o be g(f). What is the greatest common divisor of o and 84?
21
Suppose 28*b - 901 - 5959 = 0. What is the highest common factor of b and 175?
35
Suppose 0 = 2*j + 4, -j + 10 = -m + 62. What is the highest common factor of m and 400?
50
Let l = 90 + 342. Calculate the greatest common factor of l and 240.
48
Let z be -10 - (2 + 0)/1. Let j = 18 + z. Let v(h) = -h**2 + 119*h - 3514. Let a be v(64). Calculate the greatest common divisor of a and j.
6
Let m be ((-36)/(-40)*5)/((-6)/(-208)). Calculate the highest common divisor of m and 39.
39
Let z(i) = 8*i - 7. Let u = 50 + -47. Let o be z(u). Calculate the highest common divisor of 85 and o.
17
Let s(y) = -y**3 + 39*y**2 - 59*y + 204. Let d be s(37). Calculate the highest common divisor of 132 and d.
33
Let p be (-19 - 9)*(-16)/28. Let t(k) = -k**2 - k + 40. Let s(a) = a**3 - 2*a + 1. Let m be s(1). Let z be t(m). What is the highest common divisor of p and z?
8
Suppose -m - 2*m + 126 = 0. Suppose 4*k + b - 96 = 3*b, -4*b + 16 = 0. Let v = k - -2. Calculate the greatest common factor of m and v.
14
Suppose 0 = -6*s + 3*s - 1920. Let p be (8/10)/((-4)/s). Calculate the highest common divisor of p and 16.
16
Suppose -1010 = 5*q + 5*z, -5*z - 351 = -5*q - 1411. Let o = q + 362. What is the highest common divisor of 31 and o?
31
Let d = 6 + -2. Let n be (-2)/(-4)*d - -4. Calculate the greatest common factor of n and 6.
6
Let h = 54 - -197. Suppose 3*k - 4*x - h = 0, 2*k + x - 5*x - 170 = 0. Let n = 4 + 5. Calculate the greatest common factor of n and k.
9
Suppose -n - 2 = 2*q - 14, n - 2*q + 8 = 0. Let m(b) = -8 + 2 - n*b + 7 + b**3 + 5*b**2. Let z be m(-5). Calculate the greatest common factor of 77 and z.
11
Suppose 4*r + 462 = 7*r. Suppose -20 = -y - 2*f, -y = 3*f - 14 - 5. Calculate the greatest common factor of y and r.
22
Let b(k) = -2*k + 6*k - 1 - 1 - 6*k. Let q be b(-2). Suppose 4*m = -q*d + 22, -4*d + 39 = d + 2*m. Calculate the greatest common factor of 7 and d.
7
Suppose 0*h - 4*x = 3*h + 11, 5*h + 5 = -4*x. Calculate the greatest common divisor of 16 and h.
1
Let n(o) = o**2 - 7*o + 12. Let f be ((-27)/3)/(3/(-2)). Let z be n(f). Let h = -74 + 104. What is the greatest common divisor of h and z?
6
Let y(m) = -56*m**2 - 3*m - 2. Let f be y(-6). Let z be 14/91 - f/13. Suppose 3*n - 38 = 28. What is the highest common factor of n and z?
22
Let a(b) be the first derivative of b**4/4 + 16*b**3/3 - 9*b**2 - 4*b + 3. Let n be a(-17). Calculate the greatest common factor of 13 and n.
13
Let h be (-21 - 7)/7 + 159. What is the greatest common factor of h and 31?
31
Let u = 5 - -5. Let x(t) = 7*t + 5. Let s(j) = j**2 - 6*j + 5. Let h be s(6). Let l be x(h). What is the highest common divisor of u and l?
10
Let d be (-28)/10 - (-20)/25. Let b be (d/(-3))/((-26)/(-507)). Calculate the highest common factor of 52 and b.
13
Suppose -16*f + 20 = -12*f. Suppose t = -f + 13. Calculate the greatest common divisor of t and 32.
8
Let u(g) = -g**3 - 3*g**2 - 3*g - 5. Let c be u(-3). Let p be c + (3 - 3 - -140). Suppose -q - p = -4*q. What is the highest common factor of q and 24?
24
Let p(z) = z**3 - 10*z**2 + 7*z + 12. Let u be p(9). Let w be (-21)/u*(-80)/(-28). What is the greatest common factor of w and 110?
10
Let q = 3 - 21. Let h be (-2 - -36)/((-6)/q). What is the highest common divisor of h and 68?
34
Suppose -3*v + 8*v + 55 = 0. Let o = 11 + v. Suppose 2*b + 16 = 6*b - 4*p, o = 4*b - 2*p - 24. Calculate the greatest common factor of b and 72.
8
Let a = -347 + 434. Calculate the highest common divisor of 232 and a.
29
Let l = -157 - -163. Calculate the highest common divisor of l and 8.
2
Le